) to base 9
-1
-1 (base 12) to base 10
-1
-1 (base 10) to base 6
-1
1010 (base 4) to base 11
62
-3 (base 5) to base 16
-3
What is 11 (base 7) in base 4?
20
-330 (base 5) to base 2
-1011010
What is -3 (base 10) in base 14?
-3
Convert 18 (base 14) to base 4.
112
14 (base 5) to base 15
9
Convert 1110111 (base 2) to base 4.
1313
What is 12 (base 7) in base 16?
9
204 (base 5) to base 3
2000
Convert -3 (base 13) to base 15.
-3
Convert 10000 (base 2) to base 14.
12
Convert 1b (base 12) to base 15.
18
Convert -27 (base 12) to base 2.
-11111
-61 (base 7) to base 10
-43
Convert 2 (base 9) to base 5.
2
Convert 13 (base 6) to base 11.
9
-10110111 (base 2) to base 6
-503
What is 10 (base 5) in base 10?
5
-4 (base 16) to base 12
-4
What is 45 (base 11) in base 14?
37
c3 (base 15) to base 10
183
Convert -21 (base 10) to base 11.
-1a
Convert -2000 (base 3) to base 5.
-204
What is 6 (base 12) in base 8?
6
What is 22 (base 4) in base 8?
12
What is 145 (base 6) in base 8?
101
Convert -3 (base 14) to base 11.
-3
-122 (base 16) to base 6
-1202
3 (base 14) to base 11
3
Convert 111122 (base 3) to base 8.
560
-122 (base 5) to base 3
-1101
Convert 2 (base 3) to base 7.
2
-4 (base 10) to base 14
-4
Convert -10 (base 9) to base 12.
-9
-3 (base 6) to base 5
-3
-110 (base 2) to base 10
-6
What is -1015 (base 6) in base 5?
-1402
Convert -1 (base 6) to base 16.
-1
What is 13 (base 14) in base 12?
15
Convert -1 (base 11) to base 5.
-1
Convert -2 (base 4) to base 2.
-10
Convert -5 (base 11) to base 5.
-10
What is 3 (base 13) in base 7?
3
What is -103 (base 4) in base 2?
-10011
What is 27 (base 11) in base 16?
1d
What is 21 (base 8) in base 3?
122
119 (base 15) to base 14
13b
Convert 24 (base 8) to base 4.
110
Convert -7 (base 11) to base 9.
-7
What is 11 (base 2) in base 5?
3
What is 14 (base 9) in base 4?
31
3 (base 6) to base 7
3
11 (base 16) to base 3
122
-23 (base 5) to base 2
-1101
What is -3 (base 13) in base 4?
-3
What is 22 (base 16) in base 12?
2a
Convert 24 (base 6) to base 2.
10000
What is 1 (base 13) in base 16?
1
Convert -1011 (base 2) to base 10.
-11
What is -54 (base 6) in base 2?
-100010
What is -b (base 13) in base 14?
-b
What is -ba (base 12) in base 3?
-12021
Convert -1 (base 2) to base 5.
-1
Convert 2 (base 16) to base 2.
10
-6 (base 7) to base 11
-6
What is c5 (base 13) in base 10?
161
Convert -79 (base 11) to base 10.
-86
What is -11 (base 3) in base 14?
-4
What is 3b (base 15) in base 14?
40
Convert 6 (base 16) to base 10.
6
Convert 0 (base 3) to base 15.
0
-105 (base 16) to base 7
-522
5 (base 6) to base 8
5
Convert 135 (base 7) to base 5.
300
Convert 25 (base 15) to base 4.
203
-10 (base 2) to base 5
-2
Convert -60 (base 7) to base 9.
-46
Convert 4 (base 13) to base 4.
10
What is 32 (base 5) in base 14?
13
What is -34 (base 5) in base 13?
-16
Convert -20 (base 13) to base 11.
-24
What is -86 (base 9) in base 7?
-141
Convert -1 (base 4) to base 16.
-1
-5 (base 6) to base 4
-11
Convert -100 (base 5) to base 4.
-121
What is -62 (base 11) in base 13?
-53
-1 (base 15) to base 11
-1
Convert -21 (base 6) to base 8.
-15
What is 2d (base 14) in base 12?
35
Convert 5 (base 6) to base 13.
5
Convert 2 (base 9) to base 7.
2
-23 (base 6) to base 4
-33
-111 (base 2) to base 13
-7
-344 (base 5) to base 7
-201
What is -57 (base 12) in base 5?
-232
What is -1 (base 5) in base 3?
-1
2 (base 5) to base 7
2
What is -10 (base 5) in base 4?
-11
0 (base 5) to base 9
0
-2231 (base 4) to base 9
-212
-20 (base 3) to base 8
-6
11011 (base 2) to base 10
27
Convert 43 (base 14) to base 9.
65
Convert -3134 (base 5) to base 11.
-351
What is 11101 (base 2) in base 3?
1002
What is 157 (base 16) in base 5?
2333
What is -1 (base 4) in base 13?
-1
What is -87 (base 10) in base 15?
-5c
133 (base 5) to base 4
223
What is -3 (base 16) in base 12?
-3
-3 (base 9) to base 6
-3
What is ba (base 16) in base 15?
c6
34 (base 13) to base 16
2b
Convert -141 (base 5) to base 8.
-56
86 (base 10) to base 15
5b
What is 3 (base 10) in base 8?
3
-10110 (base 2) to base 5
-42
What is 3 (base 5) in base 15?
3
Convert -10 (base 7) to base 2.
-111
1 (base 12) to base 7
1
What is -5 (base 11) in base 5?
-10
What is 6 (base 7) in base 14?
6
What is 21 (base 4) in base 15?
9
What is 24 (base 5) in base 13?
11
Convert 66 (base 8) to base 15.
39
Convert 37 (base 9) to base 13.
28
-222 (base 4) to base 9
-46
-9 (base 13) to base 6
-13
What is -8 (base 12) in base 3?
-22
What is 22022 (base 3) in base 14?
120
43 (base 7) to base 14
23
Convert -21 (base 6) to base 12.
-11
1011 (base 2) to base 11
10
1 (base 2) to base 6
1
What is -5 (base 10) in base 16?
-5
Convert -127 (base 9) to base 8.
-152
Convert -1 (base 6) to base 15.
-1
Convert 148 (base 11) to base 9.
212
Convert a4 (base 15) to base 13.
bb
What is -12 (base 6) in base 16?
-8
What is -110111 (base 2) in base 9?
-61
What is 7 (base 10) in base 16?
7
-57 (base 14) to base 7
-140
Convert -88 (base 16) to base 8.
-210
-1011 (base 4) to base 5
-234
What is -5 (base 12) in base 6?
-5
Convert 3 (base 13) to base 5.
3
What is -2 (base 15) in base 6?
-2
What is -141 (base 8) in base 11?
-89
What is -30 (base 4) in base 14?
-c
Convert 38 (base 10) to base 15.
28
Convert 1 (base 11) to base 8.
1
8 (base 12) to base 11
8
What is -32 (base 5) in base 13?
-14
-4 (base 5) to base 13
-4
What is 4 (base 9) in base 4?
10
Convert 2010 (base 4) to base 7.
246
What is -101101 (base 2) in base 12?
-39
-3 (base 9) to base 5
-3
What is 110 (base 2) in base 7?
6
-7 (base 10) to base 2
-111
Convert -89 (base 16) to base 3.
-12002
Convert 6 (base 9) to base 2.
110
-1 (base 10) to base 9
-1
What is 422 (base 6) in base 16?
9e
What is 6 (base 8) in base 9?
6
Convert -2 (base 16) to base 12.
-2
Convert -1 (base 8) to base 10.
-1
What is 19 (base 16) in base 15?
1a
10111 (base 2) to base 9
25
Convert a6 (base 13) to base 12.
b4
What is 2 (base 8) in base 11?
2
What is -1b (base 14) in base 6?
-41
What is 79 (base 16) in base 7?
232
0 (base 5) to base 8
0
What is 58 (base 10) in base 8?
72
What is 110100 (base 2) in base 9?
57
Convert 32 (base 12) to base 5.
123
112 (base 6) to base 7
62
Convert 16 (base 7) to base 6.
21
214 (base 6) to base 3
10001
12 (base 4) to base 3
20
Convert -3 (base 12) to base 8.
-3
12 (base 5) to base 11
7
15 (base 7) to base 15
c
Convert 35 (base 8) to base 15.
1e
What is -1 (base 15) in base 8?
-1
What is 2 (base 3) in base 12?
2
29 (base 11) to base 14
23
What is -4 (base 13) in base 10?
-4
What is -1 (base 10) in base 14?
-1
What is -266 (base 7) in base 8?
-222
Convert -1 (base 2) to base 15.
-1
What is 17 (base 13) in base 6?
32
Convert 18 (base 11) to base 14.
15
What is 0 (base 4) in base 5?
0
Convert 12 (base 7) to base 4.
21
What is 171 (base 9) in base 11?
122
What is -8 (base 14) in base 8?
-10
What is 1 (base 16) in base 5?
1
Convert 3 (base 8) to base 7.
3
4 (base 12) to base 9
4
-1 (base 6) to base 15
-1
What is 59 (base 11) in base 8?
100
64 (base 9) to base 2
111010
Convert 100010 (base 2) to base 4.
202
-5 (base 14) to base 5
-10
What is 1 (base 16) in base 13?
1
What is 241 (base 11) in base 4?
10133
-2 (base 6) to base 4
-2
What is 2 (base 10) in base 6?
2
-2 (base 9) to base 7
-2
Convert -2 (base 10) to base 7.
-2
1 (base 16) to base 2
1
Convert -31 (base 5) to base 12.
-14
Convert -2 (base 5) to base 6.
-2
Convert -13 (base 4) to base 11.
-7
-5 (base 7) to base 11
-5
Convert -cc (base 15) to base 2.
-11000000
3 (base 15) to base 4
3
What is 521 (base 9) in base 14?
224
Convert -4 (base 11) to base 8.
-4
What is -11 (base 2) in base 12?
-3
What is -12 (base 10) in base 8?
-14
Convert -15 (base 11) to base 8.
-20
Convert -2 (base 10) to base 6.
-2
Convert 7 (base 12) to base 14.
7
-22 (base 5) to base 6
-20
-12101 (base 3) to base 8
-221
What is -305 (base 6) in base 12?
-95
Convert 8 (base 13) to base 2.
1000
3 (base 6) to base 3
10
Convert 10101 (base 2) to base 10.
21
10 (base 3) to base 13
3
What is -323 (base 4) in base 6?
-135
Convert -7 (base 15) to base 16.
-7
What is 111011 (base 2) in base 12?
4b
What is 10 (base 8) in base 13?
8
-5 (base 8) to base 6
-5
What is 115 (base 6) in base 16?
2f
What is 12 (base 15) in base 12?
15
0 (base 16) to base 5
0
32 (base 10) to base 15
22
5 (base 12) to base 16
5
Convert -9 (base 12) to base